{"id":1128,"date":"2020-12-21T08:02:56","date_gmt":"2020-12-21T07:02:56","guid":{"rendered":"http:\/\/s522896619.online.de\/?post_type=product&#038;p=1128"},"modified":"2021-01-06T13:58:30","modified_gmt":"2021-01-06T12:58:30","slug":"modell-ikerus-mit-kernziehschutz","status":"publish","type":"product","link":"https:\/\/hanbod.de\/?product=modell-ikerus-mit-kernziehschutz","title":{"rendered":"Modell Ikarus mit Kernziehschutz"},"content":{"rendered":"","protected":false},"excerpt":{"rendered":"<p>Dr\u00fcckerlange: 141 mm (21,0)<br \/>\nSchild: 53 x 256 mm<br \/>\n<strong>ES 1 gepr\u00fcft nach DIN 18 257 (einbruchshemmend)<\/strong><br \/>\n<strong>Benutzerkl. 4 nach EN 1906, Stahlunterkonstruktion im Innen- und Au\u00dfenschild<\/strong><br \/>\nAu\u00dfenschildst\u00e4rke 14 mm, Innenschildst\u00e4rke 5 mm<br \/>\n3fach Verschraubung, oben und unten M8, in der Mitte M5<br \/>\nKernziehschutz f\u00fcr Zylinder\u00fcberstande von 8 &#8211; 15 mm<br \/>\nDr\u00fccker fest drehbar gelagert<\/p>\n<p>CL-Form Dr\u00fccker &#8211; Dr\u00fcckerlange 130 mm (\u00d8 21,0)<br \/>\nAu\u00dfenschildst\u00e4rke 14 mm<br \/>\nmatt geb\u00fcrstet, PZ 8\/72 mm f\u00fcr Korridort\u00fcren<br \/>\nStandard-Befestigungsmaterial f\u00fcr T\u00fcrst\u00e4rke ca. 43-52 mm<\/p>\n","protected":false},"featured_media":1129,"comment_status":"open","ping_status":"closed","template":"","meta":[],"_links":{"self":[{"href":"https:\/\/hanbod.de\/index.php?rest_route=\/wp\/v2\/product\/1128"}],"collection":[{"href":"https:\/\/hanbod.de\/index.php?rest_route=\/wp\/v2\/product"}],"about":[{"href":"https:\/\/hanbod.de\/index.php?rest_route=\/wp\/v2\/types\/product"}],"replies":[{"embeddable":true,"href":"https:\/\/hanbod.de\/index.php?rest_route=%2Fwp%2Fv2%2Fcomments&post=1128"}],"wp:featuredmedia":[{"embeddable":true,"href":"https:\/\/hanbod.de\/index.php?rest_route=\/wp\/v2\/media\/1129"}],"wp:attachment":[{"href":"https:\/\/hanbod.de\/index.php?rest_route=%2Fwp%2Fv2%2Fmedia&parent=1128"}],"curies":[{"name":"wp","href":"https:\/\/api.w.org\/{rel}","templated":true}]}}